-62)?
-55
Evaluate 2619 + -2635 + (-4 - (-2 - 0)) + 13.
-5
-41 - (3 + 0 + 5 + 153 + -154)
-48
Evaluate -37 + -9 + 62 + -2 + -31.
-17
-9 + (24 - 16) + -12 + -15
-28
What is 22 - (-45 + 41 + 63)?
-37
-28 + 120 + -4 + (0 - 5) + -5
78
What is -65 + 45 + -57 - -48?
-29
Calculate 16 + (23 - 30) - -3 - -19.
31
What is -1 - -22 - (-27 - -12 - -24) - 21 - -52?
43
2 + (0 + -5 - -4) - (-19 + -13)
33
Calculate (-19 + 6 - -136) + -19 + 2.
106
What is the value of 55 + (35 - 65) - -12?
37
What is -5 + (23 + -99 - (15 - 44))?
-52
What is (-3 + 2 - (-2 + 7)) + (163 - 371) + 103?
-111
What is the value of 115 + -77 + -16 + -68?
-46
(31 - 63) + -198 + 137
-93
11 - ((-3 - -10) + -13 - -19) - -23
21
Evaluate 39 + -79 + -15 - -61.
6
Calculate 19 + -17 + (-3 - 4 - 10) + -6.
-21
Calculate -38 + -6 - -53 - (22 + 0) - -55.
42
Evaluate 11 - (31 + 11 - (14 + -5)).
-22
What is -97 - 55 - (-1 + -104)?
-47
78 + (-47 - 25) - -13
19
Calculate (-28 - -6) + -1 + 6 + 27.
10
Calculate -9 - 5 - (67 + -28 - 19).
-34
What is -6 - -99 - (-1650 - -1632)?
111
-1 - 12 - ((0 - -13) + -547 + 499)
22
What is the value of 33 + -7 - (59 - (-16 + -5))?
-54
Calculate (-55 - (-99 + 40)) + (-4 - (-24 + 2)).
22
Evaluate (4 - ((-8 - -7) + -37)) + 5 + 11.
58
Evaluate 11 - (-57 + 11 - -8).
49
What is the value of -39 + (61 - -20) - -16?
58
Calculate 143 - 75 - 69 - (25 + -1).
-25
Calculate (-24 - (-1 + 14 + -3)) + 1.
-33
What is 18 - (24 + -26 + 62)?
-42
Evaluate -80 - (20 - 19) - -76.
-5
Evaluate (-53 + -18 - 57) + 43.
-85
What is (-63 - -101) + -8 + (-149 - -21)?
-98
What is the value of (1 - 15) + (32 - (-5 - -47) - 30)?
-54
Evaluate 509 - 517 - (1 + -27).
18
((-64 - -41) + -20 - (4 + -1)) + 5
-41
(10 - (59 - 19)) + -11
-41
What is (12 + -38 + 13 - -22) + -7 - -41?
43
Calculate (-35 - -1) + -17 + -2 - 1.
-54
What is (6 - -87) + 6 + (1658 - 1663)?
94
What is the value of -136 + 63 + (106 - 145)?
-112
Calculate (1 - 70) + (11 - 15 - 1 - -10 - 16).
-80
Calculate -9 + -2 + 0 - (-24 - (-8 + -91)).
-86
What is the value of -53 - -33 - 6 - -63?
37
31 + -34 + -90 + 53
-40
(3 - -3 - -1 - (-66 - -84)) + 2 + -83
-92
Evaluate 14 + (10 - (37 - 12)) + -8.
-9
What is -12 + (1 - (4 + -15)) + 19 + -14 + 103?
108
Calculate 16 + -53 - (-11 - (-5 + 12 + -4)).
-23
What is 7 - (2 + 1 - (561 + -501))?
64
What is 47 + (-32 - (78 - 28))?
-35
Calculate (12 + -11 - -17) + -5 - -20.
33
Evaluate 56 + (-139 - -132) + -25 + -1 - (-2 + 0).
25
Calculate -13 + 0 + (1 + 11 + 8 + -115 - -6).
-102
What is the value of -24 + (16 - 2) + (-4 - -2 - -9 - 1)?
-4
Evaluate 1 - 13 - (1 + 5 - 6 - -12).
-24
-55 + -14 + 7 + (34 + -33 - (-1 + -3))
-57
Evaluate (-5 + -11 - -5) + (-18 - (9 - 34) - 60).
-64
What is the value of 8 + -55 + (-320 - -423)?
56
Calculate -28 + 0 + (-14 - 28 - -16).
-54
What is the value of -591 - -524 - (-56 - -1)?
-12
What is the value of 127 + (7 - 27) + -65?
42
0 + (-11 - (6 - 9)) + (22 - -19)
33
What is (-13 - -26 - 20) + 3 - (4 + -1 + -3)?
-4
What is -31 - (43 - (11 + (45 - 10)))?
-28
What is the value of (-1 - 3) + -1616 + 1619?
-1
Calculate -25 - (-62 + (-27 - -65)).
-1
Calculate -24 + 37 + (-17 - -42).
38
Evaluate 1 - (-105 + -19 + 72).
53
What is -2 + 8 + -51 + -19 + 23?
-41
1 + 1 - (-63 + 61) - 10
-6
Calculate 56 + 11 + -8 + -15 - 8 - -9.
45
Evaluate -10 - (3 + (5 - 9) + (13 - -4) - 9).
-17
What is 21 + (8 - -9) + -23 + 37?
52
What is the value of 18 - (16 - (0 + 15 + -6))?
11
What is -67 + 50 + 14 + (0 - ((0 - 0) + 4))?
-7
-3 + (9 - -50) + (-12 - -32)
76
4 - (-50 + 0 + 6 + 8 + -3)
43
Evaluate (-8 + 41 + -56 - 10) + (3 - 1).
-31
Calculate -48 + (-32 - (-24 - -3) - 30).
-89
(84 - -19 - 114) + 20
9
What is 0 + -3 + 3 + (6 - (-52 - (-18 + 2)))?
42
(7 - -1) + -15 + 15 - (36 - (11 - 10))
-27
What is the value of 18 + 0 + 1 + -1 - (204 + (17 - 228))?
25
What is the value of (2 + 5 - 20) + 8 + -41?
-46
Calculate 14 - (12 - 16) - (25 - (-14 - -28)).
7
(0 - -1) + 12 + -1 + (80 - (-54 + 165))
-19
What is the value of 32 + 3 + (-42 - -55)?
48
What is the value of 3 - (-3 + -59 - (20 - (6 + 10) - 17))?
52
What is the value of -23 - (216 - 48) - -105?
-86
What is (627 - 582) + -10 + (-4 - -8) + 1?
40
What is -100 - ((-16 - -6) + -10 - 24)?
-56
What is 51 + -2 + (-1 - -5) - (1078 + -1069)?
44
Calculate -3 - (69 + -5) - -79.
12
What is 2 + (-34 - (-53 - 22))?
43
What is the value of (14 - -57) + -21 + -1 + 17?
66
What is the value of (-22 - 23) + 74 + (-6 - -20)?
43
Calculate 0 + (7 - 65) - 4 - (-3 + 13 - 12).
-60
Evaluate -157 + 60 + 82 - (1 - 23).
7
Calculate -52 + 4 - ((177 - 171) + (0 - -1)).
-55
Calculate -13365 - -13290 - (-86 - 1).
12
Calculate (1 - -6 - (-8 - 17 - -23 - -10)) + -55.
-56
(15 - (-32 + 13)) + -6 + -70
-42
What is the value of -47 + -36 + (166 - -26) + -49?
60
What is the value of (64 - 15) + 87 + -126?
10
What is 3 + 21 + -4 - (-159 - (122 - 173))?
128
Calculate 80 + -218 - -210 - (37 - -1).
34
What is -8 - (36 + -31 + (1 - 54))?
40
What is the value of -160 - 5 - -273 - 38?
70
Evaluate 3 + -7 + (-7 + 2 - -7) + -37.
-39
Calculate -5836 + 5824 - (-139 - -1).
126
What is the value of (-28 + 56 - (-19 + -13)) + -24?
36
What is 2843 + -2840 + (0 - 47) - 10?
-54
What is the value of 6 + 36 + (-1 - 10 - -20) + -1?
50
What is 24 - (-8 + 78 + -30)?
-16
Evaluate 88 + -60 + 36 + -15.
49
Calculate 17 - (1 - -4) - (2 + -30 - (2 - 20)).
22
What is the value of -25 + -18 + 0 + 19?
-24
Evaluate -54 + -86 + 133 + -50 + 1.
-56
Evaluate -34 - ((5 - (5 + -4 + 5)) + 8 - 7).
-34
Calculate (-253 + 24 - -14) + 107.
-108
Evaluate (7 - 26 - 2 - 1) + 65.
43
What is the value of (399 - 319) + -5 + 2 + 11 + -15?
73
Calculate -121 - -129 - (18 + 1 + 6) - 76.
-93
What is 19 - ((0 - 12) + (-5 - -35))?
1
What is -121 + -5 + 10 + 65?
-51
What is 48 - (-69 - -242 - 24)?
-101
-1005 + 1075 + (-106 - -1)
-35
-75 + -20 + (53 - 22)
-64
(1354 - 1361) + 19 + -2 + 2
12
Calculate -38 - (-57 + 28 + -14).
5
What is (71 - (-54 + 107)) + (-2 - -29)?
45
Evaluate -2 - (34 + 9 + -4 + -12).
-29
Calculate -6 + -4 + (-1 - (-2 + -9)) - (40 + 4).
-44
Evaluate 45 - (-28 - -48) - 2 - 105.
-82
What is the value of 628 + -682 + (-46 - -4) - (-4 + 1 - 1)?
-92
Evaluate -2 - (-12 - (-1 - (-1 - (-26 + 12)))).
-4
What is the value of -24 + -56 + (-49 - -105)?
-24
What is 70 + 0 + -90 + 84?
64
What is the value of 129 + -146 - (11 + 3 - 0)?
-31
Evaluate -26 + (-8 - (-3 - 37)) - -11.
17
-13 + (-3 - (8 - (-10 + -17))) - 14
-65
3 + 24 + (-3 - (1 + -8)) + -13
18
What is the value of 108 - (-4 - -2 - (-32 + 28 + -13) - 5)?
98
Calculate 6 - (-43 + 93) - 2.
-46
Evaluate 3 - 23 - (51 - 113) - -15.
57
What is (-74 - (-19 - (-20 + 11)) - 14) + 19?
-59
What is 4133 - 3997 - (34 + 1)?
101
Evaluate -236 - -218 - (0 + -7 + 40).
-51
Evaluate 96 + 24 - (400 - 383).
103
Evaluate (3 - -2) + (4 - (48 + -59)).
20
What is 5 + (11 - (12 - (-1 - -6 - (111 - 209))))?
107
What is -13 + -22 + 7 + 28?
0
Calculate -2 + (-21 - -6) + (241 - 196).
28
Evaluate -72 + (-8 - (-131 + 58)).
-7
-97 - (26 + (-137 - -37))
-23
Calculate 3 + 22 + 1504 + -1504.
25
What is (-263 - -52) + 68 + 77?
-66
What is the value of -7 - (16 - (1 + (33 - 19)))?
-8
Calculate 29 + -37 - (-82 - (-3 + -10) - (-1 + -2)).
58
What is -3 - (97 + -22 + 7)?
-85
Evaluate 94 + (-51 - (-40 + 3)).
80
What is the value of -27 + 4 - (779 + -790)?
-12
-139 + -17 + 182 + 19 + -2
43
What is -44 + (148 - 135 - (3 - (-1 + -3)))?
-38
Evaluate 179 + -106 + 107 + -165.
15
What is -19 + 29 + 104 + (18 + 1 - 27)?
106
Calculate 8841 - 8909 - (-19 - 2).
-47
Evaluate (4 - -8 - (-6 + 13)) + -7.
-2
What is the value of 74 + -3 + -22 + -125 + 100?
24
-1 - (9 + (2 - (17 + (-18 - -8))))
-5
-39 - 30 - -32 - 41 - 15
-93
Evaluate 10 - (3 + -7 + (-24 + -18 - -5)).
51
What is -19 - (-117 - (47 - 95))?
50
Evaluate 0 - (16 - (-7 - -7 - (35 + -7))).
-44
Evaluate -1 + -43 - (124 + (-22 - 119)).
-27
(6 - 0) + (83 - 58) + (41 - 50)
22
Evaluate 116 + (4 - ((-10 - (-6 + 3)) + 12)) - 2.
113
Calculate (15 - (-28 + 5 + 198 + -95)) + 8 + -1.
-58
What is the value of -25 + (-8 + 66 - (-36 + 58))?
11
Calculate 15 + 21 + (23 - 18) + -86.
-45
-21 - -13 - (-25 - -4) - -11
24
Evaluate -18 - ((1 - 9) + -42 + (68 - 70)).
34
What is the value of (5 + -18 - -27) + -11 + -41?
-38
Calculate (-81 - -111) + -127 + -4 + 3.
-98
(3 - 10) + 6 - -7 - (-61 + 50)
17
-36 + -36 - (-30 + -